{"id":356,"date":"2018-05-02T12:51:05","date_gmt":"2018-05-02T12:51:05","guid":{"rendered":"http:\/\/sigbetonarmee.com\/?page_id=356"},"modified":"2024-10-29T09:26:42","modified_gmt":"2024-10-29T08:26:42","slug":"environnement","status":"publish","type":"page","link":"http:\/\/sigbetonarmee.com\/?page_id=356","title":{"rendered":"Environnement"},"content":{"rendered":"<section class=\"kc-elm kc-css-412411 kc_row\"><div class=\"kc-row-container  kc-container\"><div class=\"kc-wrap-columns\"><div class=\"kc-elm kc-css-675939 kc_col-sm-12 kc_column kc_col-sm-12\"><div class=\"kc-col-container\"><div class=\"kc-elm kc-css-179640 kc_text_block\"><\/p>\n<div class=\"woocommerce columns-4 \">\n<div class=\"wf-container dt-products  woo-hover products loading-effect-fade-in description-on-hover cart-btn-on-img wc-img-hover hide-description wc-grid\" data-padding=\"0px\" data-cur-page=\"1\" data-desktop-columns-num=\"4\" data-v-tablet-columns-num=\"2\" data-h-tablet-columns-num=\"3\" data-phone-columns-num=\"1\">\n<article class=\"post visible description-off product type-product post-506 status-publish first instock product_cat-environnement has-post-thumbnail purchasable product-type-simple\">\n<figure class=\"woocom-project\">\n<div class=\"woo-buttons-on-img\">\n<p>\t\t<a href=\"http:\/\/sigbetonarmee.com\/?product=poteaux-de-cloture-2m40\" class=\"alignnone layzr-bg\"><img loading=\"lazy\" decoding=\"async\" width=\"300\" height=\"300\" src=\"data:image\/svg+xml;charset=utf-8,%3Csvg xmlns%3D&#039;http%3A%2F%2Fwww.w3.org%2F2000%2Fsvg&#039; viewBox%3D&#039;0 0 300 300&#039;%2F%3E\" class=\"attachment-woocommerce_thumbnail size-woocommerce_thumbnail lazy-load preload-me\" alt=\"\" data-src=\"http:\/\/sigbetonarmee.com\/wp-content\/uploads\/2018\/07\/POTEAUX-DE-CLOTURE-1-300x300.png\" data-srcset=\"http:\/\/sigbetonarmee.com\/wp-content\/uploads\/2018\/07\/POTEAUX-DE-CLOTURE-1-300x300.png 300w, http:\/\/sigbetonarmee.com\/wp-content\/uploads\/2018\/07\/POTEAUX-DE-CLOTURE-1-150x150.png 150w, http:\/\/sigbetonarmee.com\/wp-content\/uploads\/2018\/07\/POTEAUX-DE-CLOTURE-1-100x100.png 100w\" \/><\/a>\n\t<\/div><figcaption class=\"woocom-list-content\">\n<div class=\"woocommerce-product-details__short-description\">\n<p><strong>POTEAUX DE CL\u00d4TURE 2m40 \/ 0.10<\/strong><\/p>\n<p>longueur : 2m40<\/p>\n<p>largeur : 10\/10<\/p>\n<p>poids : 60 kg<\/p>\n<p>&nbsp;<\/p>\n<\/div>\n<\/figcaption><\/figure>\n<\/article>\n<article class=\"post visible description-off product type-product post-505 status-publish instock product_cat-environnement has-post-thumbnail featured purchasable product-type-simple\">\n<figure class=\"woocom-project\">\n<div class=\"woo-buttons-on-img\">\n<p>\t\t<a href=\"http:\/\/sigbetonarmee.com\/?product=balises-circulaire-60-40-25\" class=\"alignnone layzr-bg\"><img loading=\"lazy\" decoding=\"async\" width=\"300\" height=\"300\" src=\"data:image\/svg+xml;charset=utf-8,%3Csvg xmlns%3D&#039;http%3A%2F%2Fwww.w3.org%2F2000%2Fsvg&#039; viewBox%3D&#039;0 0 300 300&#039;%2F%3E\" class=\"attachment-woocommerce_thumbnail size-woocommerce_thumbnail lazy-load preload-me\" alt=\"\" data-src=\"http:\/\/sigbetonarmee.com\/wp-content\/uploads\/2018\/07\/BALISE-CIRCULAIRE-60-40-25-300x300.png\" data-srcset=\"http:\/\/sigbetonarmee.com\/wp-content\/uploads\/2018\/07\/BALISE-CIRCULAIRE-60-40-25-300x300.png 300w, http:\/\/sigbetonarmee.com\/wp-content\/uploads\/2018\/07\/BALISE-CIRCULAIRE-60-40-25-200x200.png 200w, http:\/\/sigbetonarmee.com\/wp-content\/uploads\/2018\/07\/BALISE-CIRCULAIRE-60-40-25-150x150.png 150w, http:\/\/sigbetonarmee.com\/wp-content\/uploads\/2018\/07\/BALISE-CIRCULAIRE-60-40-25.png 350w\" \/><\/a>\n\t<\/div><figcaption class=\"woocom-list-content\">\n<div class=\"woocommerce-product-details__short-description\">\n<p><strong>BALISES CIRCULAIRE 60\/40\/25<\/strong><\/p>\n<p>diam\u00e8tre : 40 cm \/ 25 cm<\/p>\n<p>hauteur ; 60 cm<\/p>\n<p>poids : 150 kg<\/p>\n<p>&nbsp;<\/p>\n<\/div>\n<\/figcaption><\/figure>\n<\/article>\n<article class=\"post visible description-off product type-product post-504 status-publish instock product_cat-environnement has-post-thumbnail purchasable product-type-simple\">\n<figure class=\"woocom-project\">\n<div class=\"woo-buttons-on-img\">\n<p>\t\t<a href=\"http:\/\/sigbetonarmee.com\/?product=blocs-20-20-50\" class=\"alignnone layzr-bg\"><img loading=\"lazy\" decoding=\"async\" width=\"300\" height=\"300\" src=\"data:image\/svg+xml;charset=utf-8,%3Csvg xmlns%3D&#039;http%3A%2F%2Fwww.w3.org%2F2000%2Fsvg&#039; viewBox%3D&#039;0 0 300 300&#039;%2F%3E\" class=\"attachment-woocommerce_thumbnail size-woocommerce_thumbnail lazy-load preload-me\" alt=\"\" data-src=\"http:\/\/sigbetonarmee.com\/wp-content\/uploads\/2018\/07\/BLOC-20X20X50-300x300.png\" data-srcset=\"http:\/\/sigbetonarmee.com\/wp-content\/uploads\/2018\/07\/BLOC-20X20X50-300x300.png 300w, http:\/\/sigbetonarmee.com\/wp-content\/uploads\/2018\/07\/BLOC-20X20X50-150x150.png 150w, http:\/\/sigbetonarmee.com\/wp-content\/uploads\/2018\/07\/BLOC-20X20X50-100x100.png 100w, http:\/\/sigbetonarmee.com\/wp-content\/uploads\/2018\/07\/BLOC-20X20X50.png 400w\" \/><\/a>\n\t<\/div><figcaption class=\"woocom-list-content\">\n<div class=\"woocommerce-product-details__short-description\">\n<p><strong>BLOCS 20\/20\/50<\/strong><\/p>\n<p>La solution constructive intelligente pour tous types de b\u00e2timent<\/p>\n<p>Longueur = 50 cm<\/p>\n<p>Largeur = 20 cm<\/p>\n<p>Hauteur = 20 cm<\/p>\n<p>Poids : 19 kg<\/p>\n<p><em><strong>SP\u00c9CIFICATIONS:<\/strong><\/em><br \/>\nLes blocs en b\u00e9ton pr\u00e9fabriqu\u00e9 sont des produits aux composants 100% naturels, recyclables et respectant l&rsquo;environnement<\/p>\n<\/div>\n<\/figcaption><\/figure>\n<\/article>\n<article class=\"post visible description-off product type-product post-503 status-publish last instock product_cat-environnement has-post-thumbnail purchasable product-type-simple\">\n<figure class=\"woocom-project\">\n<div class=\"woo-buttons-on-img\">\n<p>\t\t<a href=\"http:\/\/sigbetonarmee.com\/?product=dallettes-50-50-m2\" class=\"alignnone layzr-bg\"><img loading=\"lazy\" decoding=\"async\" width=\"300\" height=\"300\" src=\"data:image\/svg+xml;charset=utf-8,%3Csvg xmlns%3D&#039;http%3A%2F%2Fwww.w3.org%2F2000%2Fsvg&#039; viewBox%3D&#039;0 0 300 300&#039;%2F%3E\" class=\"attachment-woocommerce_thumbnail size-woocommerce_thumbnail lazy-load preload-me\" alt=\"\" data-src=\"http:\/\/sigbetonarmee.com\/wp-content\/uploads\/2018\/07\/DALLETTES-300x300.png\" data-srcset=\"http:\/\/sigbetonarmee.com\/wp-content\/uploads\/2018\/07\/DALLETTES-300x300.png 300w, http:\/\/sigbetonarmee.com\/wp-content\/uploads\/2018\/07\/DALLETTES-150x150.png 150w, http:\/\/sigbetonarmee.com\/wp-content\/uploads\/2018\/07\/DALLETTES-100x100.png 100w, http:\/\/sigbetonarmee.com\/wp-content\/uploads\/2018\/07\/DALLETTES.png 350w\" \/><\/a>\n\t<\/div><figcaption class=\"woocom-list-content\">\n<div class=\"woocommerce-product-details__short-description\">\n<p><strong>DALLETTES 50\/50\/05<\/strong><\/p>\n<p>Longueur : 50 cm<\/p>\n<p>Largeur : 50 cm<\/p>\n<p>\u00e9paisseur : 5 cm<\/p>\n<p>Pi\u00e8ce\/ m\u00b2 : 4<\/p>\n<p>Poids m\u00b2 : 108 kg<\/p>\n<\/div>\n<\/figcaption><\/figure>\n<\/article>\n<article class=\"post visible description-off product type-product post-502 status-publish first instock product_cat-environnement has-post-thumbnail purchasable product-type-simple\">\n<figure class=\"woocom-project\">\n<div class=\"woo-buttons-on-img\">\n<p>\t\t<a href=\"http:\/\/sigbetonarmee.com\/?product=bordure-mince-p2-ml\" class=\"alignnone layzr-bg\"><img loading=\"lazy\" decoding=\"async\" width=\"300\" height=\"300\" src=\"data:image\/svg+xml;charset=utf-8,%3Csvg xmlns%3D&#039;http%3A%2F%2Fwww.w3.org%2F2000%2Fsvg&#039; viewBox%3D&#039;0 0 300 300&#039;%2F%3E\" class=\"attachment-woocommerce_thumbnail size-woocommerce_thumbnail lazy-load preload-me\" alt=\"\" data-src=\"http:\/\/sigbetonarmee.com\/wp-content\/uploads\/2018\/07\/BORDURE-MINCE-300x300.png\" data-srcset=\"http:\/\/sigbetonarmee.com\/wp-content\/uploads\/2018\/07\/BORDURE-MINCE-300x300.png 300w, http:\/\/sigbetonarmee.com\/wp-content\/uploads\/2018\/07\/BORDURE-MINCE-150x150.png 150w, http:\/\/sigbetonarmee.com\/wp-content\/uploads\/2018\/07\/BORDURE-MINCE-100x100.png 100w, http:\/\/sigbetonarmee.com\/wp-content\/uploads\/2018\/07\/BORDURE-MINCE.png 500w\" \/><\/a>\n\t<\/div><figcaption class=\"woocom-list-content\">\n<div class=\"woocommerce-product-details__short-description\">\n<p><strong>BORDURE MINCE P2<\/strong><\/p>\n<p>Longueur : 50 cm<\/p>\n<p>Largeur : 6 cm<\/p>\n<p>Hauteur : 25 cm<\/p>\n<p>poids : 17 kg<\/p>\n<\/div>\n<\/figcaption><\/figure>\n<\/article>\n<article class=\"post visible description-off product type-product post-501 status-publish instock product_cat-environnement has-post-thumbnail purchasable product-type-simple\">\n<figure class=\"woocom-project\">\n<div class=\"woo-buttons-on-img\">\n<p>\t\t<a href=\"http:\/\/sigbetonarmee.com\/?product=bordure-de-trottoir-t2-ml\" class=\"alignnone layzr-bg\"><img loading=\"lazy\" decoding=\"async\" width=\"300\" height=\"300\" src=\"data:image\/svg+xml;charset=utf-8,%3Csvg xmlns%3D&#039;http%3A%2F%2Fwww.w3.org%2F2000%2Fsvg&#039; viewBox%3D&#039;0 0 300 300&#039;%2F%3E\" class=\"attachment-woocommerce_thumbnail size-woocommerce_thumbnail lazy-load preload-me\" alt=\"\" data-src=\"http:\/\/sigbetonarmee.com\/wp-content\/uploads\/2018\/07\/BORDURE-DE-TROTOIRE-T250X50-3-300x300.png\" data-srcset=\"http:\/\/sigbetonarmee.com\/wp-content\/uploads\/2018\/07\/BORDURE-DE-TROTOIRE-T250X50-3-300x300.png 300w, http:\/\/sigbetonarmee.com\/wp-content\/uploads\/2018\/07\/BORDURE-DE-TROTOIRE-T250X50-3-150x150.png 150w, http:\/\/sigbetonarmee.com\/wp-content\/uploads\/2018\/07\/BORDURE-DE-TROTOIRE-T250X50-3-100x100.png 100w, http:\/\/sigbetonarmee.com\/wp-content\/uploads\/2018\/07\/BORDURE-DE-TROTOIRE-T250X50-3.png 500w\" \/><\/a>\n\t<\/div><figcaption class=\"woocom-list-content\">\n<div class=\"woocommerce-product-details__short-description\">\n<p><strong>BORDURE DE TROTTOIR T2<\/strong><\/p>\n<p>longueur : 100 cm<\/p>\n<p>largeur : 15 cm<\/p>\n<p>hauteur : 25 cm<\/p>\n<p>poids : 80 kg<\/p>\n<\/div>\n<\/figcaption><\/figure>\n<\/article>\n<article class=\"post visible description-off product type-product post-500 status-publish instock product_cat-environnement has-post-thumbnail purchasable product-type-simple\">\n<figure class=\"woocom-project\">\n<div class=\"woo-buttons-on-img\">\n<p>\t\t<a href=\"http:\/\/sigbetonarmee.com\/?product=paves-blocus-rouge-8cm-m3\" class=\"alignnone layzr-bg\"><img loading=\"lazy\" decoding=\"async\" width=\"300\" height=\"300\" src=\"data:image\/svg+xml;charset=utf-8,%3Csvg xmlns%3D&#039;http%3A%2F%2Fwww.w3.org%2F2000%2Fsvg&#039; viewBox%3D&#039;0 0 300 300&#039;%2F%3E\" class=\"attachment-woocommerce_thumbnail size-woocommerce_thumbnail lazy-load preload-me\" alt=\"\" data-src=\"http:\/\/sigbetonarmee.com\/wp-content\/uploads\/2018\/07\/PAVES-BLOCUS-ROUGE-1-300x300.png\" data-srcset=\"http:\/\/sigbetonarmee.com\/wp-content\/uploads\/2018\/07\/PAVES-BLOCUS-ROUGE-1-300x300.png 300w, http:\/\/sigbetonarmee.com\/wp-content\/uploads\/2018\/07\/PAVES-BLOCUS-ROUGE-1-150x150.png 150w, http:\/\/sigbetonarmee.com\/wp-content\/uploads\/2018\/07\/PAVES-BLOCUS-ROUGE-1-100x100.png 100w, http:\/\/sigbetonarmee.com\/wp-content\/uploads\/2018\/07\/PAVES-BLOCUS-ROUGE-1.png 500w\" \/><\/a>\n\t<\/div><figcaption class=\"woocom-list-content\">\n<div class=\"woocommerce-product-details__short-description\">\n<p><strong>PAVES BLOCUS ROUGE 8 CM<\/strong><\/p>\n<p>Longueur : 19.8 cm<\/p>\n<p>largeur : 15 cm<\/p>\n<p>\u00e9paisseur : 8 cm<\/p>\n<p>Pi\u00e8ce \/ m\u00b2 : 38<\/p>\n<p>Poids \/ m\u00b2 : 145 kg<\/p>\n<p>&nbsp;<\/p>\n<\/div>\n<\/figcaption><\/figure>\n<\/article>\n<article class=\"post visible description-off product type-product post-499 status-publish last instock product_cat-environnement has-post-thumbnail featured purchasable product-type-simple\">\n<figure class=\"woocom-project\">\n<div class=\"woo-buttons-on-img\">\n<p>\t\t<a href=\"http:\/\/sigbetonarmee.com\/?product=paves-blocus-gris-8cm-m2\" class=\"alignnone layzr-bg\"><img loading=\"lazy\" decoding=\"async\" width=\"300\" height=\"300\" src=\"data:image\/svg+xml;charset=utf-8,%3Csvg xmlns%3D&#039;http%3A%2F%2Fwww.w3.org%2F2000%2Fsvg&#039; viewBox%3D&#039;0 0 300 300&#039;%2F%3E\" class=\"attachment-woocommerce_thumbnail size-woocommerce_thumbnail lazy-load preload-me\" alt=\"\" data-src=\"http:\/\/sigbetonarmee.com\/wp-content\/uploads\/2018\/07\/PAVES-BLOCUS-1-300x300.png\" data-srcset=\"http:\/\/sigbetonarmee.com\/wp-content\/uploads\/2018\/07\/PAVES-BLOCUS-1-300x300.png 300w, http:\/\/sigbetonarmee.com\/wp-content\/uploads\/2018\/07\/PAVES-BLOCUS-1-150x150.png 150w, http:\/\/sigbetonarmee.com\/wp-content\/uploads\/2018\/07\/PAVES-BLOCUS-1-100x100.png 100w, http:\/\/sigbetonarmee.com\/wp-content\/uploads\/2018\/07\/PAVES-BLOCUS-1.png 500w\" \/><\/a>\n\t<\/div><figcaption class=\"woocom-list-content\">\n<div class=\"woocommerce-product-details__short-description\">\n<p><strong>PAVES BLOCUS GRIS 8 CM<\/strong><\/p>\n<p>Longueur : 19.8 cm<\/p>\n<p>largeur : 15 cm<\/p>\n<p>\u00e9paisseur : 8 cm<\/p>\n<p>Pi\u00e8ce \/ m\u00b2 : 38<\/p>\n<p>Poids \/ m\u00b2 : 145 kg<\/p>\n<p>&nbsp;<\/p>\n<\/div>\n<\/figcaption><\/figure>\n<\/article>\n<article class=\"post visible description-off product type-product post-498 status-publish first instock product_cat-environnement has-post-thumbnail purchasable product-type-simple\">\n<figure class=\"woocom-project\">\n<div class=\"woo-buttons-on-img\">\n<p>\t\t<a href=\"http:\/\/sigbetonarmee.com\/?product=paves-neapolis-rouge-m2\" class=\"alignnone layzr-bg\"><img loading=\"lazy\" decoding=\"async\" width=\"300\" height=\"300\" src=\"data:image\/svg+xml;charset=utf-8,%3Csvg xmlns%3D&#039;http%3A%2F%2Fwww.w3.org%2F2000%2Fsvg&#039; viewBox%3D&#039;0 0 300 300&#039;%2F%3E\" class=\"attachment-woocommerce_thumbnail size-woocommerce_thumbnail lazy-load preload-me\" alt=\"\" data-src=\"http:\/\/sigbetonarmee.com\/wp-content\/uploads\/2018\/07\/PAVES-NEAPOLIS-ROUGE1-300x300.png\" data-srcset=\"http:\/\/sigbetonarmee.com\/wp-content\/uploads\/2018\/07\/PAVES-NEAPOLIS-ROUGE1-300x300.png 300w, http:\/\/sigbetonarmee.com\/wp-content\/uploads\/2018\/07\/PAVES-NEAPOLIS-ROUGE1-150x150.png 150w, http:\/\/sigbetonarmee.com\/wp-content\/uploads\/2018\/07\/PAVES-NEAPOLIS-ROUGE1-100x100.png 100w, http:\/\/sigbetonarmee.com\/wp-content\/uploads\/2018\/07\/PAVES-NEAPOLIS-ROUGE1.png 500w\" \/><\/a>\n\t<\/div><figcaption class=\"woocom-list-content\">\n<div class=\"woocommerce-product-details__short-description\">\n<p><strong>PAVES NEAPOLIS ROUGE 6 CM<\/strong><\/p>\n<p>longueur : 19.8 cm<\/p>\n<p>largeur : 16.3 cm<\/p>\n<p>\u00e9paisseur : 6 m<\/p>\n<p>Pi\u00e8ces \/ m\u00b2 : 36<\/p>\n<p>poids \/ m\u00b2 : 126 kg<\/p>\n<\/div>\n<\/figcaption><\/figure>\n<\/article>\n<article class=\"post visible description-off product type-product post-497 status-publish instock product_cat-environnement has-post-thumbnail featured purchasable product-type-simple\">\n<figure class=\"woocom-project\">\n<div class=\"woo-buttons-on-img\">\n<p>\t\t<a href=\"http:\/\/sigbetonarmee.com\/?product=paves-neapolis-gris-m2\" class=\"alignnone layzr-bg\"><img loading=\"lazy\" decoding=\"async\" width=\"300\" height=\"300\" src=\"data:image\/svg+xml;charset=utf-8,%3Csvg xmlns%3D&#039;http%3A%2F%2Fwww.w3.org%2F2000%2Fsvg&#039; viewBox%3D&#039;0 0 300 300&#039;%2F%3E\" class=\"attachment-woocommerce_thumbnail size-woocommerce_thumbnail lazy-load preload-me\" alt=\"\" data-src=\"http:\/\/sigbetonarmee.com\/wp-content\/uploads\/2018\/07\/PAVES-NEAPOLIS1-300x300.png\" data-srcset=\"http:\/\/sigbetonarmee.com\/wp-content\/uploads\/2018\/07\/PAVES-NEAPOLIS1-300x300.png 300w, http:\/\/sigbetonarmee.com\/wp-content\/uploads\/2018\/07\/PAVES-NEAPOLIS1-150x150.png 150w, http:\/\/sigbetonarmee.com\/wp-content\/uploads\/2018\/07\/PAVES-NEAPOLIS1-100x100.png 100w, http:\/\/sigbetonarmee.com\/wp-content\/uploads\/2018\/07\/PAVES-NEAPOLIS1.png 500w\" \/><\/a>\n\t<\/div><figcaption class=\"woocom-list-content\">\n<div class=\"woocommerce-product-details__short-description\">\n<p><strong>PAVES NEAPOLIS GRIS 6 CM<\/strong><\/p>\n<p>longueur : 19.8 cm<\/p>\n<p>largeur : 16.3 cm<\/p>\n<p>\u00e9paisseur : 6 m<\/p>\n<p>Pi\u00e8ces \/ m\u00b2 : 36<\/p>\n<p>poids \/ m\u00b2 : 126 kg<\/p>\n<p>&nbsp;<\/p>\n<p>&nbsp;<\/p>\n<\/div>\n<\/figcaption><\/figure>\n<\/article>\n<article class=\"post visible description-off product type-product post-496 status-publish instock product_cat-environnement has-post-thumbnail purchasable product-type-simple\">\n<figure class=\"woocom-project\">\n<div class=\"woo-buttons-on-img\">\n<p>\t\t<a href=\"http:\/\/sigbetonarmee.com\/?product=caniveaux-simple-lateral-cs2-ml\" class=\"alignnone layzr-bg\"><img loading=\"lazy\" decoding=\"async\" width=\"300\" height=\"300\" src=\"data:image\/svg+xml;charset=utf-8,%3Csvg xmlns%3D&#039;http%3A%2F%2Fwww.w3.org%2F2000%2Fsvg&#039; viewBox%3D&#039;0 0 300 300&#039;%2F%3E\" class=\"attachment-woocommerce_thumbnail size-woocommerce_thumbnail lazy-load preload-me\" alt=\"\" data-src=\"http:\/\/sigbetonarmee.com\/wp-content\/uploads\/2018\/07\/CANIVEAUX-SIMPLE-LATERALE-CS2-1-1-300x300.png\" data-srcset=\"http:\/\/sigbetonarmee.com\/wp-content\/uploads\/2018\/07\/CANIVEAUX-SIMPLE-LATERALE-CS2-1-1-300x300.png 300w, http:\/\/sigbetonarmee.com\/wp-content\/uploads\/2018\/07\/CANIVEAUX-SIMPLE-LATERALE-CS2-1-1-150x150.png 150w, http:\/\/sigbetonarmee.com\/wp-content\/uploads\/2018\/07\/CANIVEAUX-SIMPLE-LATERALE-CS2-1-1-100x100.png 100w, http:\/\/sigbetonarmee.com\/wp-content\/uploads\/2018\/07\/CANIVEAUX-SIMPLE-LATERALE-CS2-1-1.png 500w\" \/><\/a>\n\t<\/div><figcaption class=\"woocom-list-content\">\n<div class=\"woocommerce-product-details__short-description\">\n<p><strong>CANIVEAUX SIMPLE LAT\u00c9RAL CS2<\/strong><\/p>\n<p>longueur : 100 cm<\/p>\n<p>largeur : 25 cm<\/p>\n<p>hauteur : 13.5 cm<\/p>\n<p>Poids : 75 kg<\/p>\n<\/div>\n<\/figcaption><\/figure>\n<\/article>\n<article class=\"post visible description-off product type-product post-457 status-publish last instock product_cat-environnement has-post-thumbnail shipping-taxable purchasable product-type-simple\">\n<figure class=\"woocom-project\">\n<div class=\"woo-buttons-on-img\">\n<p>\t\t<a href=\"http:\/\/sigbetonarmee.com\/?product=caniveaux-double-central-cs2-ml\" class=\"alignnone layzr-bg\"><img loading=\"lazy\" decoding=\"async\" width=\"300\" height=\"300\" src=\"data:image\/svg+xml;charset=utf-8,%3Csvg xmlns%3D&#039;http%3A%2F%2Fwww.w3.org%2F2000%2Fsvg&#039; viewBox%3D&#039;0 0 300 300&#039;%2F%3E\" class=\"attachment-woocommerce_thumbnail size-woocommerce_thumbnail lazy-load preload-me\" alt=\"\" data-src=\"http:\/\/sigbetonarmee.com\/wp-content\/uploads\/2018\/07\/CANIVEAUX-DOUBLE-CENTRALE-1-300x300.png\" data-srcset=\"http:\/\/sigbetonarmee.com\/wp-content\/uploads\/2018\/07\/CANIVEAUX-DOUBLE-CENTRALE-1-300x300.png 300w, http:\/\/sigbetonarmee.com\/wp-content\/uploads\/2018\/07\/CANIVEAUX-DOUBLE-CENTRALE-1-150x150.png 150w, http:\/\/sigbetonarmee.com\/wp-content\/uploads\/2018\/07\/CANIVEAUX-DOUBLE-CENTRALE-1-100x100.png 100w, http:\/\/sigbetonarmee.com\/wp-content\/uploads\/2018\/07\/CANIVEAUX-DOUBLE-CENTRALE-1.png 450w\" \/><\/a>\n\t<\/div><figcaption class=\"woocom-list-content\">\n<div class=\"woocommerce-product-details__short-description\">\n<p><strong>CANIVEAUX DOUBLE CENTRAL CC2<\/strong><\/p>\n<p>longueur : 50 cm<\/p>\n<p>largeur : 50 cm<\/p>\n<p>hauteur : 14 m<\/p>\n<p>poids : 75 kg<\/p>\n<p>&nbsp;<\/p>\n<p>&nbsp;<\/p>\n<\/div>\n<\/figcaption><\/figure>\n<\/article>\n<\/div>\n<\/div>\n<p>\n<\/div><\/div><\/div><\/div><\/div><\/section>\n","protected":false},"excerpt":{"rendered":"","protected":false},"author":1,"featured_media":0,"parent":0,"menu_order":0,"comment_status":"closed","ping_status":"closed","template":"","meta":{"footnotes":""},"class_list":["post-356","page","type-page","status-publish","hentry","description-off"],"_links":{"self":[{"href":"http:\/\/sigbetonarmee.com\/index.php?rest_route=\/wp\/v2\/pages\/356"}],"collection":[{"href":"http:\/\/sigbetonarmee.com\/index.php?rest_route=\/wp\/v2\/pages"}],"about":[{"href":"http:\/\/sigbetonarmee.com\/index.php?rest_route=\/wp\/v2\/types\/page"}],"author":[{"embeddable":true,"href":"http:\/\/sigbetonarmee.com\/index.php?rest_route=\/wp\/v2\/users\/1"}],"replies":[{"embeddable":true,"href":"http:\/\/sigbetonarmee.com\/index.php?rest_route=%2Fwp%2Fv2%2Fcomments&post=356"}],"version-history":[{"count":10,"href":"http:\/\/sigbetonarmee.com\/index.php?rest_route=\/wp\/v2\/pages\/356\/revisions"}],"predecessor-version":[{"id":1124,"href":"http:\/\/sigbetonarmee.com\/index.php?rest_route=\/wp\/v2\/pages\/356\/revisions\/1124"}],"wp:attachment":[{"href":"http:\/\/sigbetonarmee.com\/index.php?rest_route=%2Fwp%2Fv2%2Fmedia&parent=356"}],"curies":[{"name":"wp","href":"https:\/\/api.w.org\/{rel}","templated":true}]}}